 thousands digit of 1084?
1
What is the thousands digit of 1481?
1
What is the ten thousands digit of 14427?
1
What is the units digit of 35977?
7
What is the hundreds digit of 3443?
4
What is the tens digit of 59?
5
What is the units digit of 498?
8
What is the tens digit of 2834?
3
What is the units digit of 2287?
7
What is the units digit of 52213?
3
What is the hundreds digit of 1911?
9
What is the units digit of 23638?
8
What is the units digit of 4322?
2
What is the tens digit of 1452?
5
What is the thousands digit of 2400?
2
What is the tens digit of 798?
9
What is the ten thousands digit of 20096?
2
What is the units digit of 181062?
2
What is the ten thousands digit of 14805?
1
What is the thousands digit of 6697?
6
What is the tens digit of 3307?
0
What is the units digit of 6805?
5
What is the hundreds digit of 2886?
8
What is the units digit of 1323?
3
What is the units digit of 4563?
3
What is the hundreds digit of 56037?
0
What is the thousands digit of 50217?
0
What is the hundreds digit of 227?
2
What is the units digit of 13133?
3
What is the tens digit of 2699?
9
What is the units digit of 10030?
0
What is the tens digit of 3210?
1
What is the thousands digit of 1040?
1
What is the tens digit of 1093?
9
What is the hundreds digit of 10727?
7
What is the tens digit of 2907?
0
What is the hundreds digit of 9414?
4
What is the hundreds digit of 482?
4
What is the hundreds digit of 10782?
7
What is the ten thousands digit of 43300?
4
What is the tens digit of 757?
5
What is the tens digit of 702?
0
What is the tens digit of 57?
5
What is the hundreds digit of 4965?
9
What is the units digit of 7588?
8
What is the tens digit of 943?
4
What is the thousands digit of 26208?
6
What is the ten thousands digit of 15249?
1
What is the units digit of 72633?
3
What is the hundreds digit of 4755?
7
What is the units digit of 52591?
1
What is the ten thousands digit of 58551?
5
What is the tens digit of 578?
7
What is the tens digit of 97026?
2
What is the units digit of 2594?
4
What is the thousands digit of 3078?
3
What is the units digit of 6464?
4
What is the units digit of 711?
1
What is the tens digit of 426?
2
What is the hundreds digit of 1502?
5
What is the thousands digit of 8305?
8
What is the tens digit of 131472?
7
What is the units digit of 5319?
9
What is the thousands digit of 3500?
3
What is the thousands digit of 3994?
3
What is the ten thousands digit of 88903?
8
What is the thousands digit of 28592?
8
What is the hundreds digit of 11316?
3
What is the hundreds digit of 15468?
4
What is the hundreds digit of 1453?
4
What is the ten thousands digit of 16964?
1
What is the hundreds digit of 40947?
9
What is the tens digit of 1029?
2
What is the thousands digit of 53571?
3
What is the hundreds digit of 1942?
9
What is the tens digit of 10334?
3
What is the tens digit of 1682?
8
What is the hundreds digit of 5347?
3
What is the tens digit of 167?
6
What is the tens digit of 15?
1
What is the hundreds digit of 6785?
7
What is the hundreds digit of 726?
7
What is the hundreds digit of 647?
6
What is the tens digit of 5632?
3
What is the units digit of 818?
8
What is the units digit of 1229?
9
What is the thousands digit of 61583?
1
What is the hundreds digit of 25950?
9
What is the hundreds digit of 6436?
4
What is the units digit of 1151?
1
What is the tens digit of 3214?
1
What is the hundreds digit of 9376?
3
What is the hundreds digit of 2490?
4
What is the units digit of 798?
8
What is the units digit of 1745?
5
What is the thousands digit of 58681?
8
What is the ten thousands digit of 19067?
1
What is the thousands digit of 8040?
8
What is the hundreds digit of 19891?
8
What is the thousands digit of 2128?
2
What is the ten thousands digit of 75731?
7
What is the units digit of 18?
8
What is the ten thousands digit of 22558?
2
What is the ten thousands digit of 30603?
3
What is the units digit of 1492?
2
What is the ten thousands digit of 14556?
1
What is the tens digit of 304?
0
What is the tens digit of 6433?
3
What is the units digit of 10818?
8
What is the hundreds digit of 53892?
8
What is the hundreds digit of 1646?
6
What is the tens digit of 6164?
6
What is the units digit of 5248?
8
What is the tens digit of 604?
0
What is the hundreds digit of 15330?
3
What is the units digit of 423?
3
What is the ten thousands digit of 37289?
3
What is the tens digit of 58983?
8
What is the hundreds digit of 1669?
6
What is the hundreds digit of 1895?
8
What is the units digit of 13962?
2
What is the thousands digit of 7615?
7
What is the units digit of 11737?
7
What is the units digit of 3103?
3
What is the units digit of 7915?
5
What is the units digit of 206?
6
What is the hundreds digit of 846?
8
What is the units digit of 77971?
1
What is the units digit of 2797?
7
What is the hundreds digit of 7776?
7
What is the hundred thousands digit of 137018?
1
What is the tens digit of 2098?
9
What is the units digit of 923?
3
What is the units digit of 694?
4
What is the units digit of 21781?
1
What is the tens digit of 56?
5
What is the hundreds digit of 1574?
5
What is the units digit of 1444?
4
What is the hundreds digit of 56630?
6
What is the units digit of 2015?
5
What is the tens digit of 10540?
4
What is the thousands digit of 1067?
1
What is the hundreds digit of 29733?
7
What is the thousands digit of 1587?
1
What is the units digit of 11114?
4
What is the units digit of 909?
9
What is the hundreds digit of 46168?
1
What is the hundreds digit of 8588?
5
What is the units digit of 9801?
1
What is the ten thousands digit of 55451?
5
What is the hundreds digit of 89354?
3
What is the hundreds digit of 2896?
8
What is the tens digit of 469?
6
What is the tens digit of 512?
1
What is the units digit of 25038?
8
What is the ten thousands digit of 63754?
6
What is the tens digit of 9390?
9
What is the thousands digit of 34118?
4
What is the ten thousands digit of 11922?
1
What is the hundreds digit of 100924?
9
What is the units digit of 1402?
2
What is the tens digit of 27087?
8
What is the hundreds digit of 5312?
3
What is the hundreds digit of 1425?
4
What is the thousands digit of 1344?
1
What is the units digit of 38485?
5
What is the ten thousands digit of 31114?
3
What is the units digit of 123508?
8
What is the thousands digit of 2939?
2
What is the hundreds digit of 19438?
4
What is the units digit of 991?
1
What is the units digit of 39712?
2
What is the hundreds digit of 4424?
4
What is the hundreds digit of 2305?
3
What is the units digit of 34875?
5
What is the units digit of 65024?
4
What is the hundreds digit of 42238?
2
What is the hundreds digit of 2299?
2
What is the units digit of 3829?
9
What is the hundreds digit of 1140?
1
What is the tens digit of 74151?
5
What is the tens digit of 2009?
0
What is the tens digit of 2265?
6
What is the hundreds digit of 757?
7
What is the tens digit of 6231?
3
What is the units digit of 7918?
8
What is the thousands digit of 57026?
7
What is the tens digit of 812?
1
What is the ten thousands digit of 62218?
6
What is the hundreds digit of 28783?
7
What is the units digit of 77082?
2
What is the thousands digit of 11094?
1
What is the thousands digit of 2561?
2
What is the units digit of 545?
5
What is the thousands digit of 57844?
7
What is the units digit of 2058?
8
What is the tens digit of 527?
2
What is the hundreds digit of 20575?
5
What is the thousands digit of 24581?
4
What is the tens digit of 14834?
3
What is the thousands digit of 58118?
8
What is the units digit of 149?
9
What is the ten thousands digit of 35008?
3
What is the thousands digit of 5256?
5
What is the hundreds digit of 740?
7
What is the units digit of 9980?
0
What is the tens digit of 57491?
9
What is the units digit of 8973?
3
What is the units digit of 1860?
0
What is the tens digit of 4215?
1
What is the units digit of 2394?
4
What is the thousands digit of 1563?
1
What is the units digit of 2614?
4
What is the thousands digit of 9334?
9
What is the tens digit of 1999?
9
What is the units digit of 29709?
9
What is the thousands digit of 1241?
1
What is the units digit of 929?
9
What is the tens digit of 224?
2
What is the tens digit of 46806?
0
What is the hundreds digit of 1150?
1
What is